what is -195 - -32?
-163
In base 13, what is 0 - 10b5?
-10b5
In base 7, what is 61 + 26?
120
In base 8, what is 3 + 3521?
3524
In base 16, what is -23 - 3?
-26
In base 6, what is -2 + -103?
-105
In base 10, what is -21 - -26?
5
In base 9, what is -148 + -6?
-155
In base 13, what is -3bc - 13?
-402
In base 10, what is 15037 - 3?
15034
In base 7, what is 1 - -4550?
4551
In base 15, what is -5 - -62?
5c
In base 5, what is 10 + 1103?
1113
In base 11, what is 5 - -aa?
104
In base 6, what is 32 + -10?
22
In base 11, what is -18 + 4?
-14
In base 6, what is -1 + -51?
-52
In base 6, what is 0 + 33?
33
In base 12, what is -7 + 34?
29
In base 9, what is 1716 + 1?
1717
In base 10, what is -5 + -250?
-255
In base 12, what is -2 - -115a?
1158
In base 8, what is 2 - -3?
5
In base 5, what is -123 + 22?
-101
In base 12, what is 33 + -1b?
14
In base 16, what is 8 + 3c?
44
In base 2, what is -111110111101 + 10?
-111110111011
In base 14, what is -60d - 4?
-613
In base 4, what is -101 + 30?
-11
In base 15, what is 9 + 67?
71
In base 6, what is 2004 + 4?
2012
In base 13, what is 1 + -40b?
-40a
In base 15, what is 5 + -24?
-1e
In base 6, what is 3 - 1210?
-1203
In base 15, what is 4 + -142?
-13d
In base 16, what is 6 - -59?
5f
In base 12, what is 346a - 2?
3468
In base 11, what is -4 - -109?
105
In base 3, what is -2111 + 1?
-2110
In base 11, what is 1924 + -1?
1923
In base 2, what is -11 + -1000011110?
-1000100001
In base 7, what is 5426 + 1?
5430
In base 5, what is 0 - -130324?
130324
In base 3, what is 2011 + -10?
2001
In base 8, what is 7362 - 3?
7357
In base 12, what is -b5 - 35?
-12a
In base 7, what is -104 - 105?
-212
In base 9, what is 411 + 17?
428
In base 3, what is 0 - 100?
-100
In base 6, what is -133 - 20?
-153
In base 16, what is -76 + 3?
-73
In base 7, what is -1 + -2661?
-2662
In base 8, what is -176 - 1?
-177
In base 8, what is 12 - 5?
5
In base 3, what is -12201 - -100?
-12101
In base 3, what is -1 - 12?
-20
In base 9, what is 31 + -8?
22
In base 8, what is 6 + 202?
210
In base 4, what is 1 + -33102?
-33101
In base 11, what is -40 + -3?
-43
In base 12, what is -1811 + 5?
-1808
In base 11, what is -294 - -5?
-28a
In base 5, what is -10 + -233?
-243
In base 7, what is 5361 + 1?
5362
In base 8, what is 4 - 2721?
-2715
In base 15, what is 1b - 1?
1a
In base 16, what is -1a3b + 4?
-1a37
In base 16, what is 32 + 9?
3b
In base 4, what is -12 - 1123?
-1201
In base 7, what is 1536 + -33?
1503
In base 4, what is 333002 - 0?
333002
In base 13, what is 4 - -1710?
1714
In base 7, what is 1314 - -1?
1315
In base 5, what is 12232 - 2?
12230
In base 8, what is -2 + -4074?
-4076
In base 13, what is -1002 - -2?
-1000
In base 9, what is -6460 - -3?
-6456
In base 11, what is -56 + 2?
-54
In base 12, what is -9 - -b?
2
In base 10, what is 2 + 29?
31
In base 6, what is -203 + -5?
-212
In base 7, what is 5 + 20?
25
In base 10, what is 2 + -29?
-27
In base 16, what is 21 - 6?
1b
In base 2, what is -10 + 1100000100000?
1100000011110
In base 2, what is -1110001011 - -10?
-1110001001
In base 5, what is -14 + -122?
-141
In base 11, what is 3 + -1?
2
In base 16, what is -2 + 9?
7
In base 15, what is -69 - 84?
-ed
In base 15, what is 4 + 123?
127
In base 15, what is -59 - 4?
-5d
In base 14, what is -3 + 41?
3c
In base 6, what is -1020 - -3?
-1013
In base 7, what is -2416 - 1?
-2420
In base 14, what is 289 + 6?
291
In base 11, what is -171 - -1?
-170
In base 6, what is 312 - 111?
201
In base 14, what is 14 + 29?
3d
In base 12, what is 2 - -113?
115
In base 9, what is -1750 - 0?
-1750
In base 3, what is -1122222 + -212?
-1200211
In base 9, what is 12081 - 5?
12075
In base 11, what is 5 + -26?
-21
In base 4, what is -33 - 12322?
-13021
In base 5, what is 10 - -130044?
130104
In base 8, what is -23 - -160?
135
In base 8, what is 143 - -4?
147
In base 7, what is -5 - -256?
251
In base 16, what is -8b - -1?
-8a
In base 5, what is 24 - -101?
130
In base 15, what is 4 + 633?
637
In base 4, what is -230 - 2030?
-2320
In base 15, what is -1023 + -2?
-1025
In base 16, what is 1 - -f?
10
In base 9, what is 3 + -350?
-346
In base 14, what is -20 + 1?
-1d
In base 4, what is -102 - 30?
-132
In base 5, what is -111 + -3?
-114
In base 6, what is 31 + -102?
-31
In base 2, what is 110111001 - 0?
110111001
In base 15, what is 16 - 4d?
-37
In base 6, what is 0 + 350?
350
In base 2, what is -110110000 - -111?
-110101001
In base 9, what is -142 - 3?
-145
In base 15, what is -4 + -48?
-4c
In base 15, what is -2 + 21?
1e
In base 13, what is 3 - 59?
-56
In base 5, what is -111022 + -1?
-111023
In base 5, what is 213003 - -4?
213012
In base 4, what is -11211 - -3?
-11202
In base 11, what is -12 + -248?
-25a
In base 13, what is -487 + 1?
-486
In base 8, what is 4377 + 3?
4402
In base 2, what is 10100011 + 100?
10100111
In base 9, what is -268 - -34?
-234
In base 2, what is 1010011000010 - 11?
1010010111111
In base 10, what is -14 - -20?
6
In base 5, what is 201 + 10?
211
In base 7, what is -400 + -3?
-403
In base 2, what is 10 + -110010?
-110000
In base 11, what is 137 + -4?
133
In base 7, what is 4 - 5?
-1
In base 12, what is -2 + 10a?
108
In base 8, what is -4404 + 5?
-4377
In base 14, what is 0 - -4c?
4c
In base 8, what is -3044 + 2?
-3042
In base 6, what is 2 - -14?
20
In base 15, what is -1b + 1e?
3
In base 11, what is 1a5 - 1?
1a4
In base 3, what is 20010012 - 2?
20010010
In base 2, what is -1110010 - -101?
-1101101
In base 2, what is 1000011 - 1101101?
-101010
In base 5, what is 3430 - -13?
3443
In base 2, what is 101110 - -11000?
1000110
In base 4, what is 201 - -30?
231
In base 4, what is 1021 - -11?
1032
In base 10, what is -54 + 7?
-47
In base 8, what is -2363 + -5?
-2370
In base 8, what is 352 - -1?
353
In base 11, what is -3 - 10?
-13
In base 16, what is -12 + -b?
-1d
In base 8, what is 4 + 20?
24
In base 15, what is e8 - -4?
ec
In base 5, what is -11404 + -2?
-11411
In base 14, what is 0 + -319?
-319
In base 15, what is 4ec - -1?
4ed
In base 13, what is 259 - 1?
258
In base 16, what is 253 + 3?
256
In base 12, what is 2a + 48?
76
In base 16, what is -4 - 5?
-9
In base 16, what is -3 + c6b?
c68
In base 11, what is -5 - -24?
1a
In base 15, what is 0 - -13?
13
In base 4, what is -31133 - 11?
-31210
In base 10, what is -1 + 59?
58
In base 3, what is 220 + -101?
112
In base 5, what is 4132 - 0?
4132
In base 3, what is -10210 + -2?
-10212
In base 15, what is 218 - 1?
217
In base 7, what is -10 - -32?
22
In base 7, what is -2 - -11564?
11562
In base 4, what is 133 - -331?
1130
In base 2, what is -10110 + -1011?
-100001
In base 4, what is 1212 + -11?
1201
In base 9, what is 587 - 3?
584
In base 3, what is 10 + 20201?
20211
In base 5, what is -2042 + 122?
-1420
In base 12, what is -2 + 98b?
989
In base 3, what is -2 + -10000?
-10002
In base 11, what is -9 - 28?
-36
In base 4, what is -10031 + 32?
-3333
In base 8, what is 2 + -64?
-62
In base 16, what is -1a99 + 0?
-1a99
In base 15, what is -2e - 1?
-30
In base 16, what is -5 + -344?
-349
In base 3, what is 1 + 1021120?
1021121
In base 9, what is -23 + -1?
-24
In base 15, what is -a - 12?
-1c
In base 3, what is 2211 - -1?
2212
In base 11, what is -101 + 1a?
-92
In base 15, what is 31 + 1?
32
In base 12, what is -2 + -481?
-483
In base 4, what is 11 - 313?
-302
In base 13, what is 2665 - -2?
2667
In base 8, what is -3 + -1021?
-1024
In base 9, what is -318 - -2?
-316
In base 2, what is 10 + -1010010?
-1010000
In base 12, what is -a - 0?
-a
In base 3, what is 11 + -10121?
-10110
In base 11, what is -21 - 7?
-28
In base 2, what is 11000111 + 0?
11000111
In base 10, what is -11294 - 1?
-11295
In base 11, what is -5 + -2123?
-2128
In base 12, what is 1199 - -3?
11a0
In base 2, what is -10011 - -10101001?
10010110
In base 3, what is 2 + 222222?
1000001
In base 4, what is -3300 + 3?
-3231
In base 8, what is 1 - 1746?
-1745
In base 16, what is 8 + -19?
-11
In base 7, what is -3 - 422?
-425
In base 6, what is 235455 + -5?
235450
In base 12, what is -5 - -8a8?
8a3
In base 6, what is 10 - 51?
-41
In base 7, what is -333 - -24?
-306
In base 13, what is 13 + -10?
3
In base 16, what is 3c + 2?
3e
In base 5, what is -2 - -3404?
3402
In base 15, what is c - 36e?
-362
In base 2, what is -10001011000 + 10?
-10001010110
In base 12, what is 242 + -1?
241
In base 6, 